{"id":2,"date":"2025-03-18T11:38:28","date_gmt":"2025-03-18T10:38:28","guid":{"rendered":"http:\/\/serwer345511.lh.pl\/autoinstalator\/serwer345511.lh.pl\/wordpress112086\/?page_id=2"},"modified":"2025-04-23T19:42:14","modified_gmt":"2025-04-23T17:42:14","slug":"przykladowa-strona","status":"publish","type":"page","link":"https:\/\/aofinance.pl\/index.php\/przykladowa-strona\/","title":{"rendered":"Cennik"},"content":{"rendered":"\n<p class=\"has-text-align-center has-quaternary-color has-text-color has-link-color has-poppins-font-family wp-elements-c1841397f73e54a62d8c44f2ba12d289\" style=\"font-style:italic;font-weight:700\">Rycza\u0142t od przychod\u00f3w ewidencjonowanych<\/p>\n\n\n\n<p class=\"has-text-align-center has-quaternary-color has-text-color has-link-color has-poppins-font-family wp-elements-5401781aeb35634edafe553e7b456b11\" style=\"font-style:italic;font-weight:700\">od 200 PLN<\/p>\n\n\n\n<p class=\"has-text-align-center has-quaternary-color has-text-color has-link-color has-poppins-font-family wp-elements-a488af45799fb68bb6ef04dc656e7847\" style=\"font-style:italic;font-weight:700\">&#8212;&#8212;&#8212;&#8212;&#8212;&#8212;&#8212;&#8212;&#8212;&#8212;&#8212;&#8212;&#8212;&#8212;&#8212;&#8212;<\/p>\n\n\n\n<p class=\"has-text-align-center has-quaternary-color has-text-color has-link-color has-poppins-font-family wp-elements-b81de23a8ebecd8c69b740b91d8c90f1\" style=\"font-style:italic;font-weight:700\">KPIR (podatkowa ksi\u0105\u017ck\u0105 przychod\u00f3w i rozchod\u00f3w)<\/p>\n\n\n\n<p class=\"has-text-align-center has-quaternary-color has-text-color has-link-color has-poppins-font-family wp-elements-1570f45f873cf68a4e462def69fcfb85\" style=\"font-style:italic;font-weight:700\">od 250 PLN<\/p>\n\n\n\n<p class=\"has-text-align-center has-quaternary-color has-text-color has-link-color has-poppins-font-family wp-elements-a488af45799fb68bb6ef04dc656e7847\" style=\"font-style:italic;font-weight:700\">&#8212;&#8212;&#8212;&#8212;&#8212;&#8212;&#8212;&#8212;&#8212;&#8212;&#8212;&#8212;&#8212;&#8212;&#8212;&#8212;<\/p>\n\n\n\n<p class=\"has-text-align-center has-quaternary-color has-text-color has-link-color has-poppins-font-family wp-elements-7cefe202d893492b6b4148377639dcc0\" style=\"font-style:italic;font-weight:700\">Ksi\u0119gi rachunkowe<\/p>\n\n\n\n<p class=\"has-text-align-center has-quaternary-color has-text-color has-link-color has-poppins-font-family wp-elements-ea884f31fcdc35f9c41c9cda39d2d99a\" style=\"font-style:italic;font-weight:700\">od 700 PLN<\/p>\n\n\n\n<p class=\"has-text-align-center has-quaternary-color has-text-color has-link-color has-poppins-font-family wp-elements-a488af45799fb68bb6ef04dc656e7847\" style=\"font-style:italic;font-weight:700\">&#8212;&#8212;&#8212;&#8212;&#8212;&#8212;&#8212;&#8212;&#8212;&#8212;&#8212;&#8212;&#8212;&#8212;&#8212;&#8212;<\/p>\n\n\n\n<p class=\"has-text-align-center has-quaternary-color has-text-color has-link-color has-poppins-font-family wp-elements-44da8cf85e44a5c3a8911cc8126f2b36\" style=\"font-style:italic;font-weight:700\">Rejestracja podmiot\u00f3w<\/p>\n\n\n\n<p class=\"has-text-align-center has-quaternary-color has-text-color has-link-color has-poppins-font-family wp-elements-4d06f073b36384f185132c6d7d5e6261\" style=\"font-style:italic;font-weight:700\">CEiDG \/ KRS<\/p>\n\n\n\n<p class=\"has-text-align-center has-quaternary-color has-text-color has-link-color has-poppins-font-family wp-elements-d1b0dc4866519c40ca64dd68e19afa56\" style=\"font-style:italic;font-weight:700\">150 PLN\/ od 600 PLN<\/p>\n","protected":false},"excerpt":{"rendered":"<p>Rycza\u0142t od przychod\u00f3w ewidencjonowanych od 200 PLN &#8212;&#8212;&#8212;&#8212;&#8212;&#8212;&#8212;&#8212;&#8212;&#8212;&#8212;&#8212;&#8212;&#8212;&#8212;&#8212; KPIR (podatkowa ksi\u0105\u017ck\u0105 przychod\u00f3w i rozchod\u00f3w) od 250 PLN &#8212;&#8212;&#8212;&#8212;&#8212;&#8212;&#8212;&#8212;&#8212;&#8212;&#8212;&#8212;&#8212;&#8212;&#8212;&#8212; Ksi\u0119gi rachunkowe od 700 PLN &#8212;&#8212;&#8212;&#8212;&#8212;&#8212;&#8212;&#8212;&#8212;&#8212;&#8212;&#8212;&#8212;&#8212;&#8212;&#8212; Rejestracja podmiot\u00f3w CEiDG \/ KRS 150 PLN\/ od 600 PLN<\/p>\n","protected":false},"author":1,"featured_media":0,"parent":0,"menu_order":0,"comment_status":"closed","ping_status":"open","template":"","meta":{"hide_page_title":"","footnotes":""},"class_list":["post-2","page","type-page","status-publish","hentry"],"_links":{"self":[{"href":"https:\/\/aofinance.pl\/index.php\/wp-json\/wp\/v2\/pages\/2","targetHints":{"allow":["GET"]}}],"collection":[{"href":"https:\/\/aofinance.pl\/index.php\/wp-json\/wp\/v2\/pages"}],"about":[{"href":"https:\/\/aofinance.pl\/index.php\/wp-json\/wp\/v2\/types\/page"}],"author":[{"embeddable":true,"href":"https:\/\/aofinance.pl\/index.php\/wp-json\/wp\/v2\/users\/1"}],"replies":[{"embeddable":true,"href":"https:\/\/aofinance.pl\/index.php\/wp-json\/wp\/v2\/comments?post=2"}],"version-history":[{"count":7,"href":"https:\/\/aofinance.pl\/index.php\/wp-json\/wp\/v2\/pages\/2\/revisions"}],"predecessor-version":[{"id":100,"href":"https:\/\/aofinance.pl\/index.php\/wp-json\/wp\/v2\/pages\/2\/revisions\/100"}],"wp:attachment":[{"href":"https:\/\/aofinance.pl\/index.php\/wp-json\/wp\/v2\/media?parent=2"}],"curies":[{"name":"wp","href":"https:\/\/api.w.org\/{rel}","templated":true}]}}